{"id":216,"date":"2020-02-16T14:40:43","date_gmt":"2020-02-16T13:40:43","guid":{"rendered":"http:\/\/www.oevpfeldkirchen.at\/?page_id=216"},"modified":"2020-02-16T14:45:37","modified_gmt":"2020-02-16T13:45:37","slug":"ortsparteitag-am-15-jaenner-2020","status":"publish","type":"page","link":"https:\/\/www.oevpfeldkirchen.at\/?page_id=216","title":{"rendered":"Ortsparteitag am 15. J\u00e4nner 2020"},"content":{"rendered":"\n<figure class=\"wp-block-image size-large is-style-default\"><img loading=\"lazy\" width=\"1024\" height=\"507\" src=\"http:\/\/www.oevpfeldkirchen.at\/wp-content\/uploads\/2020\/02\/Ortparteitag-15.1.2020_zugeschnitten-1024x507.jpg\" alt=\"\" class=\"wp-image-60\" srcset=\"https:\/\/www.oevpfeldkirchen.at\/wp-content\/uploads\/2020\/02\/Ortparteitag-15.1.2020_zugeschnitten-1024x507.jpg 1024w, https:\/\/www.oevpfeldkirchen.at\/wp-content\/uploads\/2020\/02\/Ortparteitag-15.1.2020_zugeschnitten-300x148.jpg 300w, https:\/\/www.oevpfeldkirchen.at\/wp-content\/uploads\/2020\/02\/Ortparteitag-15.1.2020_zugeschnitten-768x380.jpg 768w, https:\/\/www.oevpfeldkirchen.at\/wp-content\/uploads\/2020\/02\/Ortparteitag-15.1.2020_zugeschnitten-1536x760.jpg 1536w, https:\/\/www.oevpfeldkirchen.at\/wp-content\/uploads\/2020\/02\/Ortparteitag-15.1.2020_zugeschnitten.jpg 1588w\" sizes=\"(max-width: 1024px) 100vw, 1024px\" \/><\/figure>\n\n\n\n<p>GO for GOSCH<br><em>Unter diesem Motto startet die \u00d6VP Feldkirchen ihre Wahlbewegung mit Bgm. Erich Gosch an der Spitze. <\/em><br><em>Am 15.1.fand der <strong>Ortsparteitag<\/strong> statt, an dem die Liste mit 50 Personen einstimmig best\u00e4tigt wurde. <\/em><br><em>Mit unserer Liste legen wir  Wert auf Kompetenz und B\u00fcrgern\u00e4he und wir sind stolz auf einen Frauenanteil von \u00fcber 40%.<\/em><\/p>\n\n\n\n<p><\/p>\n\n\n\n<figure class=\"wp-block-gallery columns-3 is-cropped\"><ul class=\"blocks-gallery-grid\"><li class=\"blocks-gallery-item\"><figure><img loading=\"lazy\" width=\"768\" height=\"1024\" src=\"http:\/\/www.oevpfeldkirchen.at\/wp-content\/uploads\/2020\/02\/Ortsparteitag-15.01.2020_G\u00f6dl-Pokorn-768x1024.jpg\" alt=\"\" data-id=\"72\" data-link=\"http:\/\/www.oevpfeldkirchen.at\/?attachment_id=72\" class=\"wp-image-72\" srcset=\"https:\/\/www.oevpfeldkirchen.at\/wp-content\/uploads\/2020\/02\/Ortsparteitag-15.01.2020_G\u00f6dl-Pokorn-768x1024.jpg 768w, https:\/\/www.oevpfeldkirchen.at\/wp-content\/uploads\/2020\/02\/Ortsparteitag-15.01.2020_G\u00f6dl-Pokorn-225x300.jpg 225w, https:\/\/www.oevpfeldkirchen.at\/wp-content\/uploads\/2020\/02\/Ortsparteitag-15.01.2020_G\u00f6dl-Pokorn-1152x1536.jpg 1152w, https:\/\/www.oevpfeldkirchen.at\/wp-content\/uploads\/2020\/02\/Ortsparteitag-15.01.2020_G\u00f6dl-Pokorn.jpg 1200w\" sizes=\"(max-width: 768px) 100vw, 768px\" \/><\/figure><\/li><li class=\"blocks-gallery-item\"><figure><img loading=\"lazy\" width=\"1024\" height=\"768\" src=\"http:\/\/www.oevpfeldkirchen.at\/wp-content\/uploads\/2020\/02\/234553c2-1c51-4986-82d7-207f07a77c90-1024x768.jpg\" alt=\"\" data-id=\"71\" data-link=\"http:\/\/www.oevpfeldkirchen.at\/?attachment_id=71\" class=\"wp-image-71\" srcset=\"https:\/\/www.oevpfeldkirchen.at\/wp-content\/uploads\/2020\/02\/234553c2-1c51-4986-82d7-207f07a77c90-1024x768.jpg 1024w, https:\/\/www.oevpfeldkirchen.at\/wp-content\/uploads\/2020\/02\/234553c2-1c51-4986-82d7-207f07a77c90-300x225.jpg 300w, https:\/\/www.oevpfeldkirchen.at\/wp-content\/uploads\/2020\/02\/234553c2-1c51-4986-82d7-207f07a77c90-768x576.jpg 768w, https:\/\/www.oevpfeldkirchen.at\/wp-content\/uploads\/2020\/02\/234553c2-1c51-4986-82d7-207f07a77c90-1536x1153.jpg 1536w, https:\/\/www.oevpfeldkirchen.at\/wp-content\/uploads\/2020\/02\/234553c2-1c51-4986-82d7-207f07a77c90.jpg 1599w\" sizes=\"(max-width: 1024px) 100vw, 1024px\" \/><\/figure><\/li><li class=\"blocks-gallery-item\"><figure><img loading=\"lazy\" width=\"768\" height=\"1024\" src=\"http:\/\/www.oevpfeldkirchen.at\/wp-content\/uploads\/2020\/02\/9f444988-4410-4ac5-b079-dd5471f02f2c-768x1024.jpg\" alt=\"\" data-id=\"218\" data-link=\"http:\/\/www.oevpfeldkirchen.at\/?attachment_id=218\" class=\"wp-image-218\" srcset=\"https:\/\/www.oevpfeldkirchen.at\/wp-content\/uploads\/2020\/02\/9f444988-4410-4ac5-b079-dd5471f02f2c-768x1023.jpg 768w, https:\/\/www.oevpfeldkirchen.at\/wp-content\/uploads\/2020\/02\/9f444988-4410-4ac5-b079-dd5471f02f2c-225x300.jpg 225w, https:\/\/www.oevpfeldkirchen.at\/wp-content\/uploads\/2020\/02\/9f444988-4410-4ac5-b079-dd5471f02f2c-1153x1536.jpg 1153w, https:\/\/www.oevpfeldkirchen.at\/wp-content\/uploads\/2020\/02\/9f444988-4410-4ac5-b079-dd5471f02f2c.jpg 1200w\" sizes=\"(max-width: 768px) 100vw, 768px\" \/><\/figure><\/li><li class=\"blocks-gallery-item\"><figure><img loading=\"lazy\" width=\"1024\" height=\"768\" src=\"http:\/\/www.oevpfeldkirchen.at\/wp-content\/uploads\/2020\/02\/f6e79c70-e2f2-4a6f-8d94-ca04c92cc751-1024x768.jpg\" alt=\"\" data-id=\"219\" data-link=\"http:\/\/www.oevpfeldkirchen.at\/?attachment_id=219\" class=\"wp-image-219\" srcset=\"https:\/\/www.oevpfeldkirchen.at\/wp-content\/uploads\/2020\/02\/f6e79c70-e2f2-4a6f-8d94-ca04c92cc751-1024x768.jpg 1024w, https:\/\/www.oevpfeldkirchen.at\/wp-content\/uploads\/2020\/02\/f6e79c70-e2f2-4a6f-8d94-ca04c92cc751-300x225.jpg 300w, https:\/\/www.oevpfeldkirchen.at\/wp-content\/uploads\/2020\/02\/f6e79c70-e2f2-4a6f-8d94-ca04c92cc751-768x576.jpg 768w, https:\/\/www.oevpfeldkirchen.at\/wp-content\/uploads\/2020\/02\/f6e79c70-e2f2-4a6f-8d94-ca04c92cc751-1536x1153.jpg 1536w, https:\/\/www.oevpfeldkirchen.at\/wp-content\/uploads\/2020\/02\/f6e79c70-e2f2-4a6f-8d94-ca04c92cc751.jpg 1599w\" sizes=\"(max-width: 1024px) 100vw, 1024px\" \/><\/figure><\/li><li class=\"blocks-gallery-item\"><figure><img loading=\"lazy\" width=\"870\" height=\"1024\" src=\"http:\/\/www.oevpfeldkirchen.at\/wp-content\/uploads\/2020\/02\/1e55206d-fc88-4976-8336-6ad29727b498-1-870x1024.jpg\" alt=\"\" data-id=\"221\" data-full-url=\"http:\/\/www.oevpfeldkirchen.at\/wp-content\/uploads\/2020\/02\/1e55206d-fc88-4976-8336-6ad29727b498-1.jpg\" data-link=\"http:\/\/www.oevpfeldkirchen.at\/?attachment_id=221\" class=\"wp-image-221\" srcset=\"https:\/\/www.oevpfeldkirchen.at\/wp-content\/uploads\/2020\/02\/1e55206d-fc88-4976-8336-6ad29727b498-1-870x1024.jpg 870w, https:\/\/www.oevpfeldkirchen.at\/wp-content\/uploads\/2020\/02\/1e55206d-fc88-4976-8336-6ad29727b498-1-255x300.jpg 255w, https:\/\/www.oevpfeldkirchen.at\/wp-content\/uploads\/2020\/02\/1e55206d-fc88-4976-8336-6ad29727b498-1-768x904.jpg 768w, https:\/\/www.oevpfeldkirchen.at\/wp-content\/uploads\/2020\/02\/1e55206d-fc88-4976-8336-6ad29727b498-1.jpg 890w\" sizes=\"(max-width: 870px) 100vw, 870px\" \/><\/figure><\/li><\/ul><\/figure>\n","protected":false},"excerpt":{"rendered":"<p>GO for GOSCHUnter diesem Motto startet die \u00d6VP Feldkirchen ihre Wahlbewegung mit Bgm. Erich Gosch an der Spitze. Am 15.1.fand der Ortsparteitag statt, an dem &hellip; <\/p>\n","protected":false},"author":4,"featured_media":0,"parent":0,"menu_order":0,"comment_status":"closed","ping_status":"closed","template":"","meta":[],"_links":{"self":[{"href":"https:\/\/www.oevpfeldkirchen.at\/index.php?rest_route=\/wp\/v2\/pages\/216"}],"collection":[{"href":"https:\/\/www.oevpfeldkirchen.at\/index.php?rest_route=\/wp\/v2\/pages"}],"about":[{"href":"https:\/\/www.oevpfeldkirchen.at\/index.php?rest_route=\/wp\/v2\/types\/page"}],"author":[{"embeddable":true,"href":"https:\/\/www.oevpfeldkirchen.at\/index.php?rest_route=\/wp\/v2\/users\/4"}],"replies":[{"embeddable":true,"href":"https:\/\/www.oevpfeldkirchen.at\/index.php?rest_route=%2Fwp%2Fv2%2Fcomments&post=216"}],"version-history":[{"count":2,"href":"https:\/\/www.oevpfeldkirchen.at\/index.php?rest_route=\/wp\/v2\/pages\/216\/revisions"}],"predecessor-version":[{"id":223,"href":"https:\/\/www.oevpfeldkirchen.at\/index.php?rest_route=\/wp\/v2\/pages\/216\/revisions\/223"}],"wp:attachment":[{"href":"https:\/\/www.oevpfeldkirchen.at\/index.php?rest_route=%2Fwp%2Fv2%2Fmedia&parent=216"}],"curies":[{"name":"wp","href":"https:\/\/api.w.org\/{rel}","templated":true}]}}