{"id":1732,"date":"2024-03-10T09:08:31","date_gmt":"2024-03-10T08:08:31","guid":{"rendered":"http:\/\/www.oevpfeldkirchen.at\/?page_id=1732"},"modified":"2026-03-22T08:31:54","modified_gmt":"2026-03-22T07:31:54","slug":"der-buergermeister-hat-das-wort","status":"publish","type":"page","link":"https:\/\/www.oevpfeldkirchen.at\/?page_id=1732","title":{"rendered":"Der B\u00fcrgermeister hat das Wort"},"content":{"rendered":"\n<div class=\"wp-block-media-text alignwide is-stacked-on-mobile\"><figure class=\"wp-block-media-text__media\"><img loading=\"lazy\" width=\"797\" height=\"1024\" src=\"https:\/\/www.oevpfeldkirchen.at\/wp-content\/uploads\/2024\/06\/Gosch-Erich-2-797x1024.jpg\" alt=\"\" class=\"wp-image-1871 size-full\" srcset=\"https:\/\/www.oevpfeldkirchen.at\/wp-content\/uploads\/2024\/06\/Gosch-Erich-2-797x1024.jpg 797w, https:\/\/www.oevpfeldkirchen.at\/wp-content\/uploads\/2024\/06\/Gosch-Erich-2-233x300.jpg 233w, https:\/\/www.oevpfeldkirchen.at\/wp-content\/uploads\/2024\/06\/Gosch-Erich-2-768x987.jpg 768w, https:\/\/www.oevpfeldkirchen.at\/wp-content\/uploads\/2024\/06\/Gosch-Erich-2-1195x1536.jpg 1195w, https:\/\/www.oevpfeldkirchen.at\/wp-content\/uploads\/2024\/06\/Gosch-Erich-2.jpg 1293w\" sizes=\"(max-width: 797px) 100vw, 797px\" \/><\/figure><div class=\"wp-block-media-text__content\">\n<p class=\"has-text-align-left\"><em>&#8222;Ich freue mich, in unserer Gemeinde mit meinem Team Verantwortung f\u00fcr eine lebenswerte Zukunft tragen zu d\u00fcrfen.&#8220;<\/em><\/p>\n\n\n\n<ul><li><a href=\"http:\/\/www.oevpfeldkirchen.at\/wp-content\/uploads\/2026\/03\/SP201_BGM-Vorwort.png\">M\u00e4rz 2026<\/a><\/li><li><a href=\"http:\/\/www.oevpfeldkirchen.at\/wp-content\/uploads\/2025\/01\/473442960_1048069700699332_2829990398401083916_n.jpg\">Dezember 2024<\/a><\/li><li><a href=\"http:\/\/www.oevpfeldkirchen.at\/wp-content\/uploads\/2025\/01\/449615753_904916638347973_7295142032138332172_n.jpg\">Juni 2024<\/a><\/li><li><a href=\"http:\/\/www.oevpfeldkirchen.at\/wp-content\/uploads\/2024\/06\/Maerz-2024.jpg\">M\u00e4rz 2024<\/a><\/li><li><a href=\"http:\/\/www.oevpfeldkirchen.at\/wp-content\/uploads\/2024\/03\/192_23-3-scaled.jpg\">Dezember 2023<\/a><\/li><li><a href=\"http:\/\/www.oevpfeldkirchen.at\/wp-content\/uploads\/2024\/03\/Standpunkt_191_02-1.jpg\">November 2023<\/a><\/li><li><a href=\"http:\/\/www.oevpfeldkirchen.at\/wp-content\/uploads\/2024\/06\/Standpunkt_19_Buergermeister-scaled.jpg\">April 2023<\/a><\/li><li><a href=\"http:\/\/www.oevpfeldkirchen.at\/wp-content\/uploads\/2024\/06\/Dez-2022.jpg\">Dezember 2022<\/a><\/li><li><a href=\"http:\/\/www.oevpfeldkirchen.at\/wp-content\/uploads\/2024\/06\/Standpunkt_1882-2.jpg\">September 2022<\/a><\/li><li><a href=\"http:\/\/www.oevpfeldkirchen.at\/wp-content\/uploads\/2024\/06\/April-2022.jpg\">April 2022<\/a><\/li><li><a href=\"http:\/\/www.oevpfeldkirchen.at\/wp-content\/uploads\/2024\/06\/Dez-2021.jpg\">Dezember 2021<\/a><\/li><li><a href=\"http:\/\/www.oevpfeldkirchen.at\/wp-content\/uploads\/2024\/06\/September-2021.jpg\">September 2021<\/a><\/li><li><a href=\"http:\/\/www.oevpfeldkirchen.at\/wp-content\/uploads\/2024\/06\/April-2021.jpg\">April 2021<\/a><\/li><li><a href=\"http:\/\/www.oevpfeldkirchen.at\/wp-content\/uploads\/2024\/06\/Standpunkt-183.jpg\">Dezember 2020<\/a><\/li><\/ul>\n<\/div><\/div>\n","protected":false},"excerpt":{"rendered":"<p>&#8222;Ich freue mich, in unserer Gemeinde mit meinem Team Verantwortung f\u00fcr eine lebenswerte Zukunft tragen zu d\u00fcrfen.&#8220; M\u00e4rz 2026 Dezember 2024 Juni 2024 M\u00e4rz 2024 &hellip; <\/p>\n","protected":false},"author":4,"featured_media":0,"parent":0,"menu_order":0,"comment_status":"closed","ping_status":"closed","template":"","meta":[],"_links":{"self":[{"href":"https:\/\/www.oevpfeldkirchen.at\/index.php?rest_route=\/wp\/v2\/pages\/1732"}],"collection":[{"href":"https:\/\/www.oevpfeldkirchen.at\/index.php?rest_route=\/wp\/v2\/pages"}],"about":[{"href":"https:\/\/www.oevpfeldkirchen.at\/index.php?rest_route=\/wp\/v2\/types\/page"}],"author":[{"embeddable":true,"href":"https:\/\/www.oevpfeldkirchen.at\/index.php?rest_route=\/wp\/v2\/users\/4"}],"replies":[{"embeddable":true,"href":"https:\/\/www.oevpfeldkirchen.at\/index.php?rest_route=%2Fwp%2Fv2%2Fcomments&post=1732"}],"version-history":[{"count":26,"href":"https:\/\/www.oevpfeldkirchen.at\/index.php?rest_route=\/wp\/v2\/pages\/1732\/revisions"}],"predecessor-version":[{"id":2228,"href":"https:\/\/www.oevpfeldkirchen.at\/index.php?rest_route=\/wp\/v2\/pages\/1732\/revisions\/2228"}],"wp:attachment":[{"href":"https:\/\/www.oevpfeldkirchen.at\/index.php?rest_route=%2Fwp%2Fv2%2Fmedia&parent=1732"}],"curies":[{"name":"wp","href":"https:\/\/api.w.org\/{rel}","templated":true}]}}